by g?
8
Suppose 35*r + 27 - 237 = 0. Let w be (-2 - (-5)/(-10))*(-16)/5. Suppose 33 - 345 = -w*y. Calculate the remainder when y is divided by r.
3
Let j(f) = -6*f**3 - 5*f**2 + 84*f + 491. Calculate the remainder when j(-6) is divided by 33.
14
Let o = 1361 + -1254. What is the remainder when o is divided by 104?
3
Let p(f) = 2346*f + 9448. Calculate the remainder when -333*(-3 - (-28)/12) is divided by p(-4).
30
Let d = 3748 + -3661. What is the remainder when d is divided by 23?
18
Let c = 29337 - 27352. What is the remainder when c is divided by 986?
13
Suppose 4*r - 2*t + 3*t - 5 = 0, -2*r + 10 = 2*t. Calculate the remainder when 39 - -6*(-2)/4 is divided by (3 + (r - 4))*-10.
6
Suppose -2*n - 3*n + 75 = 0. Let x(q) be the first derivative of -q**2 - 60*q - 555. What is the remainder when x(-49) is divided by n?
8
Let p(m) = -m**2 - 2*m + 5096. Calculate the remainder when p(58) is divided by 60.
56
Let m = 7115 - 7091. Let d(o) = 4*o**2 - 5*o - 6. What is the remainder when d(-5) is divided by m?
23
Let f(w) = 39*w**2 + 1322*w + 5282. What is the remainder when f(-4) is divided by 44?
2
Let n(g) = g**2 - 11. Let u(h) = 14*h**2 - 3*h + 24. Calculate the remainder when u(4) is divided by n(5).
12
Let d(h) = -h**3 - 34*h**2 - 230*h - 1. What is the remainder when 44 is divided by d(-9)?
0
Suppose 0 = v + m - 10, 4*v - 36 = -30*m + 28*m. Suppose -24*b = -40*b + 3184. What is the remainder when b is divided by v?
7
Suppose 0 = b - 1, 16*g + 189 = 18*g - b. Let h = g + -41. Calculate the remainder when 430 is divided by h.
52
Let b(f) = -20324*f + 1. Calculate the remainder when b(-1) is divided by 14.
11
Let u(n) = n**3 - 8*n**2 + 3*n - 20. Let x be u(8). Suppose 40 = -x*i + 360. What is the remainder when i is divided by 22?
14
Suppose -7623*v + 7603*v + 3440 = 0. Calculate the remainder when v is divided by 23.
11
Let t(v) = -10 + 22 - 1090*v**2 + 36*v + 12 + 1088*v**2. Let j(u) = u**3 - 6*u**2 + 4*u - 6. Let s be j(6). What is the remainder when 70 is divided by t(s)?
22
Let t be 122 - (-2 - (1 - 0)). Let z be (3*-1)/(((-15)/t)/3). Suppose 3*v - d - 44 = d, 5*v - 5*d - z = 0. What is the remainder when 97 is divided by v?
13
Suppose -u + 5*u = 5*n + 5, -9 = -3*u + 2*n. Suppose -u + 0 = -d. Suppose 12*l - d*l = 21. What is the remainder when 7 is divided by l?
1
Let z = -160 - -224. Suppose 2 + 2 = -l, 0 = -4*j + 3*l + z. Calculate the remainder when 44 is divided by j.
5
Let b = -3674 + 3702. What is the remainder when 660 is divided by b?
16
Let u(w) = w**3 - 6*w**2 + 44*w - 175. What is the remainder when 1969 is divided by u(5)?
9
Let v(r) = 2*r**3 - r + 2. Let b be v(-2). Let t(z) = -3*z**2 - 165 - 15*z - 2*z**2 + 4*z**2 + 155. What is the remainder when t(b) is divided by 9?
8
Suppose 16*u = q + 15*u - 13854, 0 = -4*u + 12. What is the remainder when q is divided by 132?
129
Suppose 116*r - 122*r = 492. Calculate the remainder when -1*(-6 + 9 + r) is divided by 34.
11
Let x be 6/(-18)*(-2 - -2). Let t = x + 70. Calculate the remainder when 138 is divided by t.
68
Let h = 1883 - 1827. What is the remainder when h is divided by 28?
0
Suppose 0 = 4*d - 2*k - k - 21, -d - 3*k - 6 = 0. Calculate the remainder when 238 is divided by (-2430)/20*(1/d - 1).
76
Let l(g) = g**3 + 23*g**2 + 19*g - 33. Let i = 86 - 108. Calculate the remainder when l(i) is divided by 7.
5
Suppose 60 = v - 0*v - 5*y, v + 2*y = 88. Let a(x) = 29*x + 8. Let u be a(-4). Let z = -67 - u. Calculate the remainder when v is divided by z.
39
Suppose -2*s = 4*i + 3*s - 181, -3*i = 4*s - 137. Suppose 0 = -i*j + 472 + 4988. Calculate the remainder when j is divided by 12.
8
Suppose -40*i + 38*i - b + 18 = 0, -i = 5*b - 36. Calculate the remainder when 24 is divided by i.
0
Let t(a) = 2*a**2 - 6*a + 3. Let f be t(4). Let l = 22 - f. Calculate the remainder when 8/(-36)*(33 + -227 - -23) is divided by l.
5
Suppose -y + 56 = y. Let m(f) = -13*f**2 - 7*f + 2. Let p be m(-8). Let l = 939 + p. What is the remainder when l is divided by y?
25
Let j = 30143 - 29618. Calculate the remainder when j is divided by 268/(-6)*(-3)/1.
123
Let f(d) = d**2 - 3*d + 18. Let n = -446 + 696. Suppose -5*i = -10*i + n. What is the remainder when i is divided by f(0)?
14
Let z be (-4 + (6 - 3))*(24 + -23). Calculate the remainder when 2/6 + z - (-5984)/12 is divided by 20.
18
Let o = 415 + -353. Let x(g) = -g**3 + 7*g**2 - 6*g. Calculate the remainder when o is divided by x(5).
2
Suppose -60*b + 37842 = -11958. What is the remainder when b is divided by 403?
24
Let h be ((-21)/12)/((-2)/216). Suppose -281 - h = -5*b. Calculate the remainder when b is divided by (-108)/30*40/(-6).
22
Let m be (-5 + 5 + 0 - 15)/(-1). Let j(n) = 2*n**2 - 24*n - 81. Calculate the remainder when 95 is divided by j(m).
5
Calculate the remainder when 5734 is divided by (5 - -2 - -24)/(-6 - -7).
30
Let z = 125 - 66. Let s(b) = b**3 - 28*b**2 - 26*b + 46. Calculate the remainder when s(29) is divided by z.
15
Let b(r) = 5*r - 83. Let m be b(18). What is the remainder when 33 is divided by (-85)/(-7) + (76/m - 10)?
7
Let i(q) be the third derivative of 9*q**4/4 + 5*q**3/6 + 6*q**2. What is the remainder when i(4) is divided by (-1848)/(-220)*40/6?
53
Suppose -5*m + 4*y + 4439 = 0, -2*m + 4*y + 1948 = 194. What is the remainder when m is divided by 242?
169
Suppose -4*u + 412 = 84*g - 88*g, -g = 5*u - 545. What is the remainder when 623 is divided by u?
83
Suppose 14 = r + 3. Let b(t) = t**3 - 4*t**2 - 15*t + 3. What is the remainder when b(8) is divided by r?
7
Let b(n) = 2*n**2 + 14*n + 20. Let i be b(-5). Suppose i*s + 2*s = -152. What is the remainder when 2/(-8)*1 + (-1387)/s is divided by 6?
0
Let m = 33 + -19. Let v be ((-11)/(-4))/(1/(8/2)). Suppose -21 - 562 = -v*y. What is the remainder when y is divided by m?
11
Let a = -38 + 57. Suppose 0 = 2*j - a - 17. Let d = -159348 - -159399. Calculate the remainder when d is divided by j.
15
Calculate the remainder when (-901)/(-2) - 63/42 is divided by 60.
29
What is the remainder when (-2202)/(1 - 4) - 605/121 is divided by 362?
5
Let f = -9654 + 10641. What is the remainder when f is divided by 68?
35
Let s(o) = -o**3 - 27*o**2 - 31*o - 124. Let n be s(-26). Suppose -n*z + 8 = -124. Calculate the remainder when z is divided by 5.
2
Let p(w) = 2*w**3 + 25*w**2 - 5*w + 11. Calculate the remainder when p(-11) is divided by 90.
69
Let w(j) = -j**2 + 12*j + 72. Let c be w(16). Suppose c*t - 531 = -123. What is the remainder when t is divided by 14?
9
Let b(q) = -336*q**2 - 5 - 3*q**3 + 404*q**2 + 7*q + 17*q. What is the remainder when 123 is divided by b(23)?
15
Let d = 0 + 2. Suppose 4*x - 609 = 471. Let w = -261 + x. Calculate the remainder when w is divided by d.
1
Let t = 262 + -187. Let p(g) be the first derivative of 2*g**3/3 - 30*g**2 + 96*g + 107. What is the remainder when t is divided by p(29)?
37
Calculate the remainder when 1854 is divided by (-2020)/(-35) - ((-138)/42 - -3).
56
Suppose 41*a = 20*a + 30*a - 1026. Calculate the remainder when 481 is divided by a.
25
Let o = -4213 - -4257. Calculate the remainder when 526 is divided by o.
42
Suppose 57*m - 62*m + 1135 = -5*y, 4*y = -5*m + 1207. Calculate the remainder when m is divided by 98.
39
Let b = 47 + 69. Suppose -36 = -13*u - 5*u. Suppose -6*z + b = -u*z. What is the remainder when 53 is divided by z?
24
Suppose -164 = -4*q - 44. Let x = q - 18. Suppose 4*w + 32 - 168 = 0. Calculate the remainder when w is divided by x.
10
Let m = 8336 + -8242. Calculate the remainder when m is divided by (-28)/(-6)*-3*-2.
10
Let f(v) = v**3 - 12*v**2 + 10*v + 1. What is the remainder when 8154 is divided by f(19)?
0
Let v be ((-3)/6)/((-1)/264). Let w = 146 - v. What is the remainder when 67 is divided by w?
11
Suppose -1095 = -2*j + 28*b - 23*b, 2*b + 2198 = 4*j. What is the remainder when j is divided by 94?
80
Suppose -88*r - 2279 - 2050 = -421*r. Let y = 3 + 3. Suppose h = 5*f + 10, y*f + 41 = 2*h + 3*f. What is the remainder when h is divided by r?
12
Suppose -4*f - 3*g + 19 = 0, -g + 2*g = 1. Suppose -11624*z = -5781*z - 5803*z - 160. What is the remainder when f is divided by z?
0
Suppose 12*p = 17*p - 15. Suppose 13 = p*g + 2*a, 3*g + 4*a - 16 = 5*a. Calculate the remainder when g is divided by 2.
1
Let r = -1485 